 207*n - 7. Let q(o) = -145*o + 5. Let f(k) = 2*m(k) + 3*q(k). Let v(a) = a**3 + 1. Let p be v(0). Calculate f(p).
-20
Let g(b) = 13*b**2 + 2*b - 2. Let r(o) = -20*o**2 - 3*o + 3. Let k(l) = -7*g(l) - 5*r(l). Suppose -236*j + 403 = 10*j + 157*j. Determine k(j).
9
Let l be 10/(-3)*(-3 + 96/40). Let c(b) = -12*b**2 - 10*b + 20*b**2 + 2*b + l*b**3 + 8 - b**3. What is c(-9)?
-1
Let f(d) = -d**3 - 7*d**2 - 32*d - 6. Let a(w) = 3*w**3 + 19*w**2 + 88*w + 18. Let z(k) = -4*a(k) - 11*f(k). Calculate z(4).
-54
Suppose 2*m = 4*k - 392, 6*k - 396 = 2*k + 3*m. Let y = k + -96. Let i(u) = 5*u - 4*u + 3*u + 7 - 3*u. Give i(y).
7
Let g(f) = 2696*f + 2688*f - 14 - 5378*f. What is g(12)?
58
Let h(p) = -p**3 - 4*p**2 - 5*p + 4. Suppose 39*b - 120 = 33*b. Suppose -86*u + b = -91*u. What is h(u)?
24
Suppose 24 = 32*a - 26*a. Let h(j) = -2*j**3 + 8*j**2 + 4*j - 11. Let t be h(a). Let b(r) = r + 4. Calculate b(t).
9
Let c = -7 + 4. Let g be 2/c - 13/3. Let f(v) = 24*v + 19*v + 26*v + 16*v - 86*v. Determine f(g).
5
Let c be -1*(-6)/1440*(-1)/(5/(-10)). Let k(x) be the third derivative of 0*x**5 + c*x**6 - 21*x**2 + 1/24*x**4 - 5/6*x**3 + 0 + 0*x. Calculate k(0).
-5
Let g(m) = 3*m - 45. Suppose 0 = -5*i - c + 69, -c + 8 + 22 = 2*i. Determine g(i).
-6
Suppose -5*x = -3*t - 22, -20*x + 23*x - 3*t = 12. Let a(d) = -d**2 + 6*d - 4*d**2 - 2 + 4*d**2. What is a(x)?
3
Let d(v) = v**2 - v - 1. Let k be d(-5). Let u(n) = -6*n**2 + 174*n + 4. Calculate u(k).
4
Let d be (4/(-5))/((-456)/225 - -2). Let p(b) = -15*b - 8 + 1 - 13*b + d*b. Calculate p(-6).
-19
Let v(y) = 13*y**2 + 7*y - 8. Suppose 0 = 13*k + 17*k + 33*k - 63. Give v(k).
12
Let f be ((-84)/(-35))/(27/450). Let t(z) = -14*z + f*z - 14*z + 5. Calculate t(-2).
-19
Let x be (-851)/74 - (-12 - 0). Let p(s) be the second derivative of -1/3*s**3 + 11*s + 0 + x*s**2. What is p(3)?
-5
Suppose 1 = 5*z - 194. Suppose 3*y - z = -m, -5*y + 2*m = -2*m - 82. Let i = y + -17. Let x(u) = -u**3 - 3*u**2 - 3*u - 3. What is x(i)?
6
Suppose 0 = 200*s - 174*s - 17706. Let y(c) = -s - 690 + 3*c**2 + 9*c + 1376. What is y(-3)?
5
Let m(z) = z**3 - 6*z**2 + 7*z - 9. Suppose 6*x = 4*b + 11*x + 5, -5*b + 30 = -x. What is m(b)?
1
Let h = -25 - -29. Let z be -1 + h/(-2) - (-13 - -1). Let l be 2 - (1/1)/(z/(-27)). Let a(o) = -3*o + 1. Give a(l).
-14
Let b(w) = -2 + 15*w + 2 - 6 + w**3 - 10*w - 6*w**2. Let g = -49 + 40. Let r(x) = -x**2 - 11*x - 13. Let n be r(g). Determine b(n).
-6
Let d(b) = 13*b - 89. Let r(s) = 6*s**3 + 16*s**2 - 17*s + 2. Let a be r(1). What is d(a)?
2
Let v(o) = -4*o + 19. Let s(c) = -c + 7. Let r(p) = -7*s(p) + 2*v(p). Let g be 0/(2/(-2)*(0 + 2)). Determine r(g).
-11
Let g(h) = 119*h - 710. Let i be g(6). Let x(u) be the first derivative of -5*u + 5/3*u**3 + 12 + u**2 + 1/4*u**i. Give x(-4).
3
Let t(v) = -v**2 + 5*v + 1. Let r(z) = -9 + 0*z - z + 2. Suppose 43*c - 48*c = 60. Let a be r(c). Determine t(a).
1
Let l(k) be the third derivative of -k**5/12 + 17*k**4/24 - 749*k**2. Give l(7).
-126
Let q(h) = h**3 - 5*h**2 + 4*h. Suppose 2*a + 3*c - 13 = 22, -4*c - 23 = -a. Suppose -21*t + 18 = -a*t. Let f(v) = -v + 12. Let m be f(t). Calculate q(m).
-6
Let x(l) be the second derivative of -l**5/30 + 3*l**4/4 - 5*l**3/3 - 327*l**2/2 - 266*l. Let v(k) be the first derivative of x(k). Calculate v(8).
6
Let o(b) = 10*b - 34 + 0*b + 6*b - 3*b - 3. Let w be o(3). Let v(s) = -s**3 - 2*s**2 - 2. Give v(w).
-18
Let p(w) be the second derivative of -w**6/120 + w**5/20 + w**4/24 + w**3/6 + 145*w**2/2 - 106*w. Let s(c) be the first derivative of p(c). Calculate s(3).
4
Let q(d) = 6*d + 16 - 18 + 2 + 0 + 7. Calculate q(12).
79
Let u(r) be the second derivative of r + r**2 + 1/2*r**4 - 1/20*r**5 - 14 - 1/6*r**3. Suppose -b - 2*d = -14, 2*b - d + 3*d - 20 = 0. Calculate u(b).
-4
Let f(i) = i**2 - 8*i + 2. Suppose -9 = -5*j + 26. Suppose 16 = j*y - 47. Determine f(y).
11
Let u(s) = 17 + 3*s - 31 - 2*s + 15. Let i(v) = -v**2 - 7*v. Let h be i(-6). Give u(h).
7
Let n(o) = -215*o + 35. Let q(k) = 54*k - 9. Let a(s) = -4*n(s) - 15*q(s). Let y(p) = 9*p - 1. Let h(l) = 2*a(l) - 11*y(l). Determine h(3).
4
Let l(w) = -30*w**2 - w. Let g(h) = -181*h**2 - 5*h + 16. Let s(j) = -g(j) + 6*l(j). Give s(5).
4
Suppose -2*d = 2*h - h + 15, 0 = -d + 5*h - 2. Let w be 27/6 + (-250)/100. Let k(a) = -3*a + w*a + 131 - 137. Calculate k(d).
1
Let r be -4 + 7*(-48)/(-56). Let a(s) = -73*s**2 + 30*s**r - 1 - s**3 + 3*s + 37*s**2 - 2. What is a(-3)?
-39
Let h(u) = -u**3 - 5*u**2 + 6*u + 5. Let j be h(-6). Let q(k) be the first derivative of 1/4*k**4 + 2*k + 79 + 2*k**2 - 5/3*k**3. What is q(j)?
22
Let d = 51 - 20. Let p = d + -35. Let m(r) = 2*r**2 + 9*r + 3. Let b be m(p). Let o(j) = j. Determine o(b).
-1
Let d(k) = 23*k - 138 + k - 132 - 6*k + 20*k. What is d(7)?
-4
Let d(n) = n**3 + 5*n**2 - 4*n + 10. Let m be d(-5). Suppose m = -x - 2*x. Let f(p) = p**2 + 10*p - 9. Determine f(x).
-9
Let b(p) = p + 3. Let n be 26/6 - 2*(-2)/6. Suppose n*q + 4*h - 15 = 0, -5*q - h = 4*h - 15. Suppose -7*j + q*j + 26 = -2*f, 0 = 4*j + f - 11. Calculate b(j).
7
Suppose -5*o = 4*k - 23, 6*o - 8*o + 2 = -2*k. Let d(p) = 6*p - 12. Calculate d(o).
6
Let w(c) be the third derivative of c**6/60 - c**5/30 - c**4/24 + c**2. Let z be (26 - (-18 - -43))*(-1)/(-4)*(-56)/14. Calculate w(z).
-3
Let k(c) = -136*c + 32. Let p(z) = 33*z - 8. Let g(i) = 2*k(i) + 9*p(i). What is g(2)?
42
Let y(w) = -2*w**2 + 5*w + 13. Suppose 8*r - 3*r - 13 = j, -2*r + 2*j = 6. Calculate y(r).
1
Let y(x) = x + 6. Let j be y(4). Let z(v) = 2 + 12*v - 21*v + j*v - v**3 - 4*v**2. Suppose -4*o - 5 = 11. Give z(o).
-2
Suppose -c + 44 = -10. Suppose 4 = -2*l, 0 = -3*r - l - 0*l + 277. Let y(j) = -r - 2*j + 50 + c. Calculate y(5).
1
Let x(y) = 12776 - 12727 - 5*y - 2*y. Calculate x(7).
0
Let m(r) be the second derivative of r**5/10 - 5*r**4/3 + 5*r**2/2 - 1104*r. Calculate m(10).
5
Let s(m) be the second derivative of -m**5/20 + m**4/4 + 9*m**3/2 + 7*m**2/2 - 62*m + 7. What is s(7)?
0
Let l(k) = -k + 3. Suppose 3*h + 0 = 3. Let d be l(h). Let y(a) = a + 0 + 1 + 0*a**2 + 2*a**2 - a**d + 9*a**3. Determine y(-1).
-8
Let s(j) be the third derivative of -j**5/60 + 7*j**4/12 - 11*j**3/6 + 3*j**2 + 37. Let d(a) = 3*a**2 + 4*a - 20. Let r be d(-4). Determine s(r).
13
Let j be (-3)/(((-2)/(-22))/(1 - 2)). Suppose 4*s = 4*g + 89 - j, -2*g - 3*s = 23. Let z(l) = -l**2 - 15*l - 11. What is z(g)?
15
Let k(i) be the second derivative of i**4/12 + i**3 + 3*i**2/2 - 1589*i. Let p = -9 - -5. Calculate k(p).
-5
Let h(j) = j**3 - 8*j**2 + 11*j + 8. Let q be h(6). Let y(i) = i - 370*i**2 + 372*i**q + 2 + 0 - 3. Calculate y(1).
2
Let o(q) = q**2 - q + 2. Let x be o(0). Let l(n) = -2*n**2 - 1 + 8*n - 4 - 2*n**2 + 3*n**x. Suppose -7*i + 21 = -21. Determine l(i).
7
Let y be -44*7/(-14)*(-2)/(-4). Let t = 29 - y. Let u be t/30 - (-129)/(-15). Let d(j) = j**3 + 8*j**2 - 2*j - 10. What is d(u)?
6
Let v(f) = 10*f - 78. Let t = -3935 - -3942. Determine v(t).
-8
Let o be ((-52)/(-20) - 3)/(2/(-10)). Suppose -5*t = -5*w - o - 3, -5*t + 4 = -4*w. Let f(q) = t - 1 + 7*q - 6*q - 3*q. Calculate f(-6).
11
Let t(j) = -1083 + j**2 - 1067 + 0*j**2 - 6*j - 2*j + 2160. What is t(3)?
-5
Let g(i) = -i + 3. Suppose 0 = -11*v + 4*v + 21. Let j(b) = -b**v + 6 + 9*b**2 - 3*b**2 - 2*b**2 + 2*b**2. Let t be j(6). Calculate g(t).
-3
Let s(f) = -16*f + 1. Let c(o) be the third derivative of 3*o**4/8 - o**3/6 + 57*o**2. Let b(d) = 5*c(d) + 3*s(d). Determine b(-5).
13
Let q be -3*(-290)/(-15)*-1. Suppose -28*n + 82 = -q. Let v(m) = -m**2 + 3*m - 1. Determine v(n).
-11
Let k(r) be the first derivative of r**3 - 25*r**2/2 - 11*r - 916. Give k(8).
-19
Let a(r) = -26*r**2 - 3*r - 119. Let l(c) = -3*c**2 - c + 1. Let h(d) = a(d) - 9*l(d). Calculate h(-15).
7
Suppose -2*c - 15*u + 20*u = 0, -4*u = -2*c. Let r(v) = v**2 - 2*v + 110. Give r(c).
110
Let i(o) = -10*o**2 + o + 37. Let q(h) = 19*h**2 - 2*h - 68. Let n(m) = 11*i(m) + 6*q(m). Let y = -17 + 20. Give n(y).
32
Let i(v) = -15*v - 1 + 4 + 12*v. Let p be i(0). Suppose -11*x + 8*x = -p. Let z(s) = -3*s + 1. Calculate z(x).
-2
Let j(f) = -f**3 + 5*f**2 + f - 5. Let i = 2648 + -2643. Give j(i).
0
Suppose -v = f + 61, -3*f + 0*f - 3 = 0. Let g = -65 - v. Let y(j) = j**3 + 5*j**2 - j - 3. Calculate y(g).
2
Let u = -6830 + 6800. Let g